 - -4) - 1) + (29 - -12)?
49
What is the value of -22 + (54 - -20 - 48)?
4
-45 - (29 + -33 + -55)
14
What is -58 - (-7 + 15) - ((9 - 11) + -11 + 5)?
-58
What is the value of (19 - (54 - 17)) + 0 + -14?
-32
Calculate -2 + 3 - (1 + 0 + (16 - 19 - 0)).
3
What is -2442 + 2294 + 20 + (2 - 4)?
-130
Evaluate 55 - (34 + (24 - -7)).
-10
What is 52 + 45 + -41 - 21?
35
What is -1 + 11 + (-10 - -46)?
46
Evaluate (8 - (-5 + 12 + -4)) + -47.
-42
-29 - (-59 - -126 - 107)
11
What is (-4 - (2 - 10)) + -22 + (-8 - -138) + -22?
90
Evaluate (-25 - (-46 + 27)) + 2 + (-4 - -14).
6
Calculate 14 - ((-40 - -115) + -50).
-11
-26 - (-44 + 12) - 8
-2
What is -34 - (1 + -21) - (29 + -8 + 14)?
-49
(-69 - -20) + (-13 - -88)
26
What is the value of 0 - (-31 - ((34 + -20 - 48) + 15))?
12
What is the value of -16 + 4 + -6 + -40 + -4?
-62
What is the value of 34 + 2 + (22 + (-50 - -36) - (16 + -1))?
29
76 - (-28 + (3 - -11) - 15)
105
What is 61 - (4 + (-6 - -5) - (-42 + 14 + 20))?
50
What is the value of (-53 - -34) + (11 + -10 - (3 - 5 - -5))?
-21
What is 57 - (-50 - -94) - 88?
-75
What is 43 + (683 - 691) + 2 + 32?
69
Calculate 6 + 36 - (509 - 422).
-45
What is the value of 7 - (-1 - 22 - (-11 - 10 - -26))?
35
What is the value of (-10 - 0 - ((6 - 3 - -1) + -4)) + -3?
-13
11 - 27 - (-141 + (8 - -7)) - 16
94
Calculate -9 + -5 + 34 - (9 - -2).
9
Calculate -36 - (-14 - 18 - 62) - (12 - -1).
45
What is the value of 372 + -175 + -208 - (-30 + 2)?
17
What is the value of ((-11 - (-22 - -12)) + -12 - -18) + 4?
9
Calculate (-323 - -303) + 1 + -2 + (6 - 4).
-19
Evaluate (-39 - -27 - -27) + -37.
-22
What is the value of 52 + (66 - 0) - 53?
65
What is the value of (-67 - (-268 + 186)) + (0 - 29)?
-14
(14 + 31 + -22 - 20) + (-42 - -1) + -1
-39
Calculate (62 - 70) + ((3 - 4) + -2 - 0) + -1.
-12
What is the value of 102 + 2 + -3 + -4765 + 4755 + (2 - -13)?
106
Evaluate (-7 - ((2 - -13) + 1 + -8) - -4) + 6.
-5
Calculate 32 + (-48 - -16) + -47.
-47
-20 + (4 - 138 - -16) + 8 + -6
-136
What is 10 - (0 + 15 - (1 - (-6 + 13))) - -49?
38
Calculate 22 - ((9 - (0 + 2 - 5)) + (634 - 641)).
17
Calculate 20 + 2 + -4 - (-188 + (57 - -166)).
-17
What is the value of 4 + -3 - (0 + 120 + 3 - (-30 + 15))?
-137
Evaluate 6 - (-74 - (1 + (-16 - -3) - (3 + -11))).
76
What is the value of -10 + (-31 + 18 + -1 + 17 - 29)?
-36
Evaluate 62 + (-11 - 8 - 17).
26
Evaluate (-3 - 55) + 34 + (3 - -91).
70
What is -65 - (-24 - (-72 + 97))?
-16
Evaluate (-37 - 10) + -271 + 323.
5
(-32 - -50) + 49 - (2 - -13) - 13
39
Calculate -2411 + 2354 - (-190 + 0).
133
What is the value of (-7 - -1 - ((123 - 167) + (0 - 8))) + -3?
43
Calculate 69 + (23 - 57 - ((4 - 28) + 4)).
55
What is the value of (0 - 15) + (-929 - -918)?
-26
Evaluate (139 - 74 - 64) + (-83 - (2 - 3)) + 4.
-77
Evaluate (3 - -126) + -87 - 51.
-9
Calculate 10 + (162 - 159) + -4 + 29.
38
What is -17 + (-12 - -6 - (-42 + 24)) + -89?
-94
What is -3 - (11 - -7) - (-181 + 34)?
126
What is the value of -53 + -4 + 79 + -68?
-46
(12 + 27 - 13) + -14 + 6
18
Calculate -14 - 1 - (-18 - -178 - 174).
-1
Calculate 7 + 49 - (-64 + 145).
-25
Evaluate (-4 - (8 - 5)) + (-9 - -4) + (1 - 83).
-94
Calculate (-10 - (-116 + 8)) + (-215 - -233).
116
-83 + (119 - 29) + -1 + 0 + -32 + -3
-29
Calculate -9 + 4 - (66 + -16 + 9 + -14).
-50
(-15 - -1) + (-14 - -28) + -48
-48
Calculate 1 - -2 - (-15 + 6 + -5 - (-14 - -56)).
59
What is 1 - (26 - (-8 - -2 - (10 + -28)))?
-13
Calculate -18 - ((14 - 35) + -25).
28
1 - -3 - (-5 + (70 - 58 - (2 + 23)))
22
Calculate 77 - (-11 + 8 + (-31 - -36) - 18).
93
What is the value of (-17 + (53 - 22) - (10 + 0)) + -16?
-12
What is 4 - 3 - (-21 - -26) - (19 - -1)?
-24
(-31 - (51 + 13)) + 28
-67
What is the value of (7 + 5 + -13 - 18) + 59?
40
(4 - 9) + -7 - (9 + (-2 - 29))
10
Evaluate (70 + -13 + -17 - 20) + 69.
89
Evaluate 6 - (33 - (3 + -5 + 0 + 3)).
-26
What is the value of 54 + -106 + 49 + 54?
51
Calculate (3266 - 3253) + -1 + -1 + (1 - -1).
13
Evaluate 221 + -251 - (72 + 12).
-114
What is the value of 3 + -32 - (18 + -10 + -5 + 6 + -1)?
-37
What is -160 - -137 - (4 - (15 - -5))?
-7
Calculate 184 + (-84 - (79 + -87)).
108
What is (45 - -36) + -10 + 23 + -16?
78
What is -6 + 10 + -22 + 42 + 0?
24
Calculate -115 - (-23 + -45 + -91).
44
Evaluate -47094 - -47090 - (-1 + -80 - 1).
78
What is the value of -4588 + 4603 + 3 + -2 + 7 + 3 + 1?
27
Calculate 122 + -8 + -30 - 40.
44
Evaluate 32 - (-88 - (-122 + 110)).
108
What is the value of (-103 - (82 + -18)) + 26?
-141
Evaluate 49 - (7 + 74) - (-27 + 8).
-13
Calculate 51 - (-47 - -42) - 21.
35
What is (0 - (8 - -4)) + -2 + 16 + -56?
-54
What is the value of (1 - -10) + (17 + -42 - -20) - (-138 - -71)?
73
(70 - (-258 + 68)) + -126
134
What is the value of -70 - -55 - (4 - 1 - -23)?
-41
Calculate -31 - (3 - (-25 - -23) - (1 - -15)).
-20
What is 48 + -55 + 59 + -83?
-31
What is the value of (46 - (-30 - (3 + -22))) + 19 + -8 + 2?
70
(-28 - (34 + -51)) + -17
-28
Calculate 11 + (-73 - (-61 + 53)).
-54
What is the value of -14 + (9 - (-89 - -118 - (8 - -1)))?
-25
-6 + 9 - (-13 - (-3 + 5))
18
Evaluate -13 + 1 + ((0 - -3) + 8 - (1 + 2)).
-4
What is 51 + -43 + (-20 - -34) + 11?
33
Evaluate (-16 - -1) + 59 + -39 + -11 - -99.
93
Calculate -48 - (113 + -42) - -61.
-58
Calculate 6 + 36 + 49 - (-3 + 6 + 5).
83
What is the value of -45 - 30 - -53 - -19?
-3
What is -80 - (13 + (18 + -5 + (-1 - 5) - 7))?
-93
What is 625 - 616 - ((12 - 5) + 0 + -3)?
5
What is the value of -77 - (-47 + (43 - 57))?
-16
What is (19 - 20 - (-17 - 0)) + -18 + -58?
-60
Calculate (2442 - 2420) + (-2 + 3 - 22) + 5 + 1.
7
What is (-35 - (-151 - -107)) + 0 + 2 + 69 - 6?
74
Evaluate (-25 + (35 - 6) - (-8 + (4 - 2))) + -46.
-36
What is 24 - (383 + -354 + (-2 - -11))?
-14
What is 103 - (5 - 5 - (-16 + 26 + -10 + 7))?
110
What is -17 + 8 + (-21 - -25 - 8) + 52?
39
Evaluate (-1 - -1) + 20 + (-255 - -471) + -211.
25
What is the value of 273 + (-593 - -239) - (1 - 6)?
-76
What is (266 - 239) + (10 - 23)?
14
Calculate -107 + (-4 - (11 - (5 + 21))).
-96
What is the value of -75 + -29 - 6 - 13?
-123
Evaluate -93 + 28 - (-12 + -11).
-42
Evaluate -12 - (0 - 2) - (66 + -71 - 15).
10
What is the value of (-50 - 4) + (-89 - -150)?
7
Calculate (-2 - 23 - (-1 - -4)) + (9 - 2).
-21
What is the value of 26 - ((-93 - -38) + 44)?
37
What is the value of (2 - 10) + (1 - 10) + (-10 - (-2 - 40))?
15
What is 2 + 54 + -20 + 27 - (-11 - -7 - -9)?
58
Calculate -1 + (6 - -2) + (1529 - 1526 - (-99 + 1)).
108
What is 1 + -16 + 3 + 5 + -3 - (89 + -157)?
58
Calculate 0 + 69 + -42 + (-65 - 0).
-38
What is -11 + 51 + (-357 - -355)?
38
What is the value of -72 + 40 + -12 - (2 - -11)?
-57
What is (17 - ((0 - 2) + 1)) + (-1 - 54) + 47?
10
Evaluate (98 - -15) + -163 + 191.
141
What is the value of 2 - 1 - (-2 + 61 + (10 - (9 + -4)))?
-63
Evaluate 165 + -152 + -31 + -10.
-28
What is the value of (-56 - (-62 - -29)) + (8 - -1) - (1 + 119)?
-134
Calculate (-33 + 18 - -23) + (39 + 1 - 3).
45
What is the value of -48 - -42 - (2 + -65)?
57
What is the value of -78 + (60 - 78) + 28?
-68
What is the value of (-5 - (21 + -7)) + -101 + (1 - -29)?
-90
(-16 - -8) + -5 + -2 + (20 - 13)
-8
-18 + 8 + -30 + 157 + -28
89
Evaluate (30 - 2 - (266 - 245)) + -6.
1
What is the value of ((-2 - -5) + 12 - (97 + -93)) + 1?
12
Calculate -1193 + 1197 - ((3 - (3 + -17)) + 1).
-14
What is the value of -76 - (1 - 0) - (-52548 + 52534)?
-63
What is 612 + -525 - (88 - 12)?
11
Evaluate 58 + 29 + -52 - (-1 + 18) - 104.
-86
Evaluate -13 + -10 + 20 + (-17 + 9 - 4).
-15
-132 + 17 + 38 - -187
110
-64 + (79 - 102 - -80)
-7
Calculate -10 + 65 + 22 + -20 - 16.
41
Calculate -41 - (-22 - -14) - -28.
-5
Evaluate 6 - (-115 + (-82 - -72 - (2 - 3)) + 22).
108
Calculate 6 + -10 + (3 - (-48 - 66)).
113
Evaluate 7 + (1 - -1 - 16) + 67.
60
33 - -10 - (-4 - (3 + -12 - -5))
43
Calculate (-6 + 13 - -61) + (-15 - 6 - -14 - 3).
58
(-3 - -43) + 3 + 243 + -243
43
130 + 3 + -12 + -11 + 1 + -4
107
Evaluate -87 - (48 + -67) - -84.
16
Calculate 131 - (55 - (76 + -82)).
70
What is the value of (-3 - -1) + (-202 + 230 - (-9 + 106))?
-71
(-73 - 48) + 71 + 63
13
What is 215 + -113 - (-42 + 119)?
25
What is the value of (-11 - -59 - 12) + (-10 - (2 - 15))?
39
What is -19 + (-245 - -236) + -1 + -18 + -19?
-66
What is 23 + 18 - (-1 + (-3 - (0 - -1) - -12))?
34
Evalu